8 and 18.
6
What is the greatest common divisor of 5936 and 15476?
212
What is the greatest common factor of 1152 and 2682?
18
Calculate the highest common factor of 289884 and 408.
204
What is the greatest common factor of 288 and 905376?
96
Calculate the greatest common factor of 4986778 and 76.
38
Calculate the highest common divisor of 12 and 1014.
6
Calculate the highest common divisor of 10 and 12608.
2
Calculate the greatest common factor of 146672 and 16376.
712
Calculate the greatest common divisor of 14110 and 340.
170
What is the greatest common factor of 264 and 44970?
6
Calculate the greatest common factor of 458 and 753639.
229
What is the greatest common factor of 340 and 4130?
10
What is the highest common divisor of 5523 and 120162?
21
Calculate the greatest common factor of 8611 and 97091.
79
What is the greatest common divisor of 280 and 8000?
40
Calculate the greatest common factor of 17595 and 26775.
765
Calculate the highest common factor of 1694 and 994.
14
What is the highest common divisor of 81396 and 48?
12
What is the greatest common factor of 610 and 177022?
122
Calculate the greatest common divisor of 182520 and 1092.
156
Calculate the greatest common factor of 85 and 12175.
5
Calculate the highest common factor of 58823 and 118.
59
What is the greatest common factor of 101772 and 1584?
396
What is the greatest common divisor of 65 and 269?
1
What is the highest common factor of 65 and 661830?
65
Calculate the greatest common divisor of 574 and 772522.
82
What is the highest common factor of 2506560 and 64?
64
Calculate the highest common divisor of 21836 and 37948.
212
What is the greatest common divisor of 236250 and 147?
21
What is the highest common divisor of 13296 and 18559?
277
What is the greatest common divisor of 28 and 1316?
28
Calculate the highest common divisor of 158879 and 63.
7
Calculate the highest common factor of 20520 and 960.
120
Calculate the greatest common divisor of 9 and 57816.
9
What is the greatest common factor of 1777236 and 348?
348
Calculate the greatest common factor of 120 and 3728840.
40
What is the highest common factor of 4611 and 212?
53
What is the greatest common divisor of 88 and 308?
44
What is the greatest common divisor of 107104 and 408?
8
What is the highest common divisor of 43 and 791071?
43
Calculate the highest common divisor of 83439 and 9.
9
Calculate the greatest common divisor of 3620 and 940.
20
Calculate the greatest common factor of 5600 and 11800.
200
What is the greatest common divisor of 940 and 265?
5
What is the highest common factor of 1745886 and 101?
101
What is the greatest common factor of 432 and 15660?
108
Calculate the highest common divisor of 976 and 1808833.
61
What is the highest common divisor of 77473 and 22?
11
What is the highest common divisor of 8864 and 36?
4
Calculate the highest common divisor of 1097663 and 1346.
673
What is the highest common factor of 19287 and 90?
9
Calculate the highest common divisor of 367562 and 1.
1
Calculate the highest common factor of 755335 and 980.
245
Calculate the greatest common divisor of 30 and 2364.
6
Calculate the greatest common factor of 126571 and 94.
47
What is the greatest common factor of 393 and 5724831?
393
What is the greatest common factor of 135 and 444870?
45
Calculate the highest common divisor of 5332 and 559.
43
Calculate the highest common divisor of 51 and 294933.
51
Calculate the greatest common factor of 87 and 160863.
87
Calculate the highest common factor of 1917 and 4757.
71
Calculate the greatest common divisor of 10929 and 21.
3
What is the greatest common divisor of 416768 and 11?
11
Calculate the greatest common factor of 935 and 1045.
55
Calculate the highest common factor of 108 and 4956.
12
Calculate the highest common divisor of 3717 and 7245.
63
What is the highest common divisor of 261 and 115623?
261
Calculate the greatest common factor of 27459 and 1971.
27
Calculate the greatest common factor of 14027 and 2197.
169
Calculate the highest common divisor of 37324 and 1798.
62
Calculate the highest common factor of 8483113 and 542.
271
What is the highest common factor of 253513 and 26?
13
Calculate the greatest common factor of 246500 and 124236.
1972
Calculate the greatest common divisor of 7706 and 10.
2
What is the greatest common factor of 53464 and 108?
4
What is the highest common factor of 294 and 36174?
6
Calculate the highest common factor of 744172 and 176.
44
Calculate the highest common factor of 258508 and 4.
4
Calculate the greatest common factor of 85560 and 1984.
248
Calculate the highest common divisor of 88064 and 2236.
172
Calculate the highest common factor of 651 and 68789.
217
Calculate the greatest common factor of 551725 and 5800.
725
Calculate the greatest common divisor of 70 and 6029170.
70
What is the highest common factor of 17328 and 798?
114
What is the greatest common divisor of 9 and 65322?
9
What is the greatest common factor of 712 and 159844?
356
Calculate the greatest common factor of 168 and 5548564.
28
What is the greatest common divisor of 4269437 and 332?
83
What is the highest common divisor of 50959 and 1048?
131
Calculate the greatest common factor of 84 and 68412.
12
What is the highest common divisor of 39 and 3216?
3
Calculate the greatest common divisor of 16170 and 4070.
110
Calculate the highest common divisor of 665 and 87115.
665
Calculate the greatest common divisor of 6138 and 25614.
18
Calculate the highest common factor of 69942 and 12.
6
What is the greatest common factor of 6487 and 416?
13
What is the greatest common factor of 1230640 and 160?
80
Calculate the highest common divisor of 1088 and 2108.
68
What is the highest common factor of 845 and 2015?
65
What is the greatest common divisor of 10 and 14230?
10
What is the highest common divisor of 353415 and 60?
15
Calculate the highest common divisor of 37 and 373811.
37
Calculate the greatest common factor of 17 and 215713.
17
Calculate the greatest common divisor of 388596 and 1128.
564
What is the greatest common divisor of 5110 and 224?
14
Calculate the highest common divisor of 434300 and 9460.
860
What is the highest common divisor of 201 and 20234?
67
Calculate the greatest common factor of 65362 and 88.
22
Calculate the greatest common factor of 105376 and 267.
89
What is the greatest common factor of 85763 and 556?
139
Calculate the greatest common divisor of 1885 and 6989.
29
What is the highest common divisor of 691411 and 14?
7
What is the greatest common divisor of 225566 and 462?
22
Calculate the greatest common factor of 2800 and 320.
80
Calculate the greatest common factor of 323733 and 93.
93
What is the greatest common factor of 8775 and 5200?
325
What is the highest common factor of 26840 and 140?
20
Calculate the greatest common divisor of 19170 and 310.
10
Calculate the greatest common factor of 6 and 1048888.
2
What is the highest common divisor of 978960 and 96?
48
Calculate the greatest common divisor of 350 and 1483930.
70
What is the greatest common divisor of 538 and 3387786?
538
What is the highest common divisor of 208 and 858832?
208
Calculate the greatest common divisor of 4240 and 21120.
80
Calculate the highest common factor of 81 and 3936438.
81
Calculate the highest common divisor of 357 and 48.
3
What is the greatest common divisor of 112 and 4461856?
112
What is the highest common divisor of 3375 and 1235925?
675
What is the highest common factor of 102506 and 6227?
479
What is the highest common divisor of 243 and 2950992?
243
Calculate the highest common factor of 19 and 2188325.
19
What is the highest common factor of 3075 and 20541?
123
Calculate the greatest common divisor of 1863 and 456228.
207
What is the greatest common divisor of 481 and 315575?
13
Calculate the greatest common factor of 62868 and 837.
93
What is the greatest common factor of 735022 and 1534?
118
What is the greatest common factor of 91161 and 4536?
63
Calculate the greatest common factor of 13699 and 1566012.
721
Calculate the highest common factor of 32922 and 15624.
558
Calculate the greatest common factor of 192 and 1940032.
64
What is the highest common divisor of 391 and 6307?
17
What is the highest common divisor of 27634 and 20